emainder when q is divided by 21?
20
Suppose 0 = -3*l + 5*l + 3*v - 33, -v + 5 = 0. Calculate the remainder when 38 is divided by l.
2
Suppose -4*r = -5*r + 10. Suppose 0 = -d - 4*d + r. Suppose -d*i - 2*i = -68. Calculate the remainder when 50 is divided by i.
16
Suppose 2*a - 6 = -a. Suppose -2*u + 48 = 3*r - 0*u, -a*r - 2*u = -32. Let m(p) = -p**3 - 9*p**2 - 2*p + 11. Calculate the remainder when m(-9) is divided by r.
13
Let n(b) = -b**2 + 5*b - 3. Calculate the remainder when (-12)/8*20/(-3) is divided by n(3).
1
Let y(n) = -3*n**2 - 39*n + 5. Calculate the remainder when 46 is divided by y(-13).
1
Let f = 1440 + -1364. Calculate the remainder when 276 is divided by f.
48
Suppose 7*r + 4*c - 30 = 5*r, 0 = -5*r + c + 64. Calculate the remainder when 492 is divided by r.
11
Let a(y) = y**2 - 13*y - 18. Let h be a(13). Suppose 9 = l + j, 0*j - 20 = -2*l - j. Calculate the remainder when l is divided by (h/(-12))/((-2)/(-4)).
2
Suppose 5*b = -3*p - 0*p + 137, -5*b + 49 = p. What is the remainder when 174 is divided by p?
42
Suppose g - 76 = -72. What is the remainder when 2 is divided by g + -5 - (3 - (3 - -2))?
0
Suppose 4*n = n + 5*b + 256, n - 88 = b. Let p = -22 + 53. Calculate the remainder when n is divided by p.
30
Suppose -2*l + 8 = f - 68, -2*f - 64 = -2*l. What is the remainder when 128 is divided by l?
20
Let h = 3 - -2. Suppose 4*q = q - h*r + 166, -2*r - 287 = -5*q. Suppose 23 + 6 = k. What is the remainder when q is divided by k?
28
Suppose 20 = a - 2*a - m, -a = -4*m. Let b(r) = r**2 + 15*r - 9. Let k be b(a). What is the remainder when -1 + 1 + 6 + k is divided by 6?
1
What is the remainder when 111 is divided by 0 + 27 + 2 + 0 + -6?
19
Suppose -44*r + 10356 - 1468 = 0. Calculate the remainder when r is divided by 60.
22
Suppose -p = -14 + 12. Suppose -2*c - 4 = p. What is the remainder when 32 is divided by (c/2)/((-18)/132)?
10
Let v(x) = x**3 + 12*x**2 + 10*x. Let y be v(-11). Suppose 0 = -2*d + y + 145. Suppose 3*f + 2*f = 135. What is the remainder when d is divided by f?
24
Suppose 3*c + 2*a = 50, 3*c - 21 - 24 = 3*a. Suppose -g - 4*d = -22, -3*g + 5*d + 50 = -c. What is the remainder when g is divided by 12?
10
Suppose 0 = 3*m + 151 - 247. Calculate the remainder when 44 is divided by m.
12
Suppose 0 = 26*x - 384 - 32. What is the remainder when 43 is divided by x?
11
Suppose -2*o + 100 = 5*f, -5*f + 100 = -0*f + 3*o. Calculate the remainder when 41 is divided by f.
1
Suppose -105 = 33*o - 30*o. Let d = 48 + o. Calculate the remainder when 37 is divided by d.
11
Suppose -33*z + 1930 - 214 = 0. What is the remainder when 77 is divided by z?
25
Suppose -7*c + 382 = -689. Calculate the remainder when c is divided by 12.
9
Calculate the remainder when (15/15)/(((-55)/3220)/(-11)) is divided by 72.
68
Let j = 20 - 10. Suppose -w - w = -j, 4*l = -5*w + 77. Calculate the remainder when (-3)/(3/(-37)) - 1 is divided by l.
10
Let q(y) be the third derivative of y**5/60 + 5*y**4/12 - 5*y**3/6 - 12*y**2. What is the remainder when q(-13) is divided by 9?
7
Calculate the remainder when 37 is divided by (-7 + 11 + -6)*25/(-2).
12
Let j(x) = -x**2 - 10*x. Let h be j(-9). Let d = 26 - h. Let s = -771 - -781. Calculate the remainder when d is divided by s.
7
Let p = 1 - -10. Calculate the remainder when 54 is divided by p.
10
Let a = 6 + 119. Suppose -5*s - a = -6*s. What is the remainder when s is divided by 9?
8
Let i(k) = k - 2. Let n = 17 + -30. Let y be i(n). What is the remainder when (-3)/(-5) + (-186)/y is divided by 5?
3
Let z be 6/(-4) - (-9)/2. Let i be (z + -2)/((-3)/(-39)). Suppose -3*f + 65 - i = 5*c, -37 = -3*c + 4*f. Calculate the remainder when 32 is divided by c.
10
Let r(z) = z**3 - 33*z**2 + 11*z + 139. What is the remainder when r(33) is divided by 101?
98
Let x be 3 + (-1 + 4 - 7). Let l = 14 - x. Let z(n) = -n + 33. What is the remainder when 53 is divided by z(l)?
17
Suppose -6*i + 11*i - 10 = 0. Let r = 0 - -3. Suppose m + 1 = r. What is the remainder when m is divided by i?
0
Let r(l) = 2*l**2 - 5*l + 8. Let k be r(6). Let b = 62 - k. Let v(i) = i**3 + 6*i**2 - 5*i - 3. Calculate the remainder when v(-5) is divided by b.
11
Let a be (-2 + 0 - 0) + 276/23. Suppose -72 = -a*x + 248. Calculate the remainder when 61 is divided by x.
29
Let l be (2 + 4/8)*2. Suppose l*h = -i + 86, 0*h - 16 = -2*h - 5*i. What is the remainder when h is divided by 7?
4
Let b = 30 - 41. Let q = b - -14. Suppose 0 = 3*c, -4*j - 4 = 4*c - 16. What is the remainder when q is divided by j?
0
Let r be 3/(-24) + 188/(-32). What is the remainder when (-3)/r*-2*1*-29 is divided by 18?
11
Suppose -10 = -3*i + 131. Calculate the remainder when i is divided by (2 - 4)/(1/(-6)).
11
Let f(l) be the third derivative of l**5/60 + 5*l**4/24 - l**3/6 - 3*l**2. Let h be f(-6). What is the remainder when 59 is divided by h/(((-9)/(-3))/6)?
9
Suppose -2*i + 2*b + 3 = -11, -3*i - b = -21. What is the remainder when 16 is divided by i?
2
Let v be ((-8)/(-6) - 1)*6. Suppose -4*b - 2*f = -4, b = f - 3 - v. What is the remainder when 111 is divided by b + 37 + -11 + 13?
35
Let f = 49 + -40. Suppose -50 - 13 = -f*h. Calculate the remainder when 25 is divided by h.
4
Let g = 29 + 19. Suppose 124*v = 128*v - g. What is the remainder when v is divided by 3?
0
Suppose -s = 5*b - 10, 0*s = -2*s - 2*b + 20. What is the remainder when 67 is divided by s?
7
Suppose -23*w + 6 = 2*v - 27*w, 5*v = -w + 37. What is the remainder when 26 is divided by v?
5
Let d = -43 - -11. Let a = -21 - d. Let i = -16 + 47. Calculate the remainder when i is divided by a.
9
Let r be 16/(-72) + 40/18. Suppose 2*y - 56 = -2*o + 4*y, -r*o = 4*y - 26. What is the remainder when 66 is divided by o?
20
Suppose 0 = -0*b - 3*b + 6. Suppose -4*m + b*k + 18 - 2 = 0, 0 = 5*k. Let v = 18 - 11. What is the remainder when v is divided by m?
3
Suppose a - 4*f + 6*f - 211 = 0, -5*a - 3*f + 1020 = 0. What is the remainder when a is divided by 51?
48
Let j(m) = -m**3 - 18*m**2 - 31*m + 25. What is the remainder when 74 is divided by j(-16)?
2
Suppose 0 = 4*o + 20 - 4. What is the remainder when ((-30)/8)/(30/20)*-22 is divided by o*((-27)/6 + 1)?
13
What is the remainder when 91 is divided by 3*(6 - 1 - (14 + -17))?
19
Suppose -56*x = -12058 - 38. What is the remainder when x is divided by 69?
9
Suppose j - 13 - 20 = -5*g, -2*j + 2*g + 30 = 0. Calculate the remainder when (-1138)/(-18) + (-6)/27 is divided by j.
9
Suppose 10*g = 5*g + 125. Suppose 3*z = 4*w - w - 69, 0 = -5*z - g. Suppose 0 = 7*p - 4*p - w. Calculate the remainder when 23 is divided by p.
5
Let r be (-1)/(-3 - 364/(-122)). Suppose 4*c + r = 5*c. Suppose 0 = -11*s + 16*s - 4*z - 152, -z = -2*s + 62. Calculate the remainder when c is divided by s.
29
Suppose -81*d = -89*d + 128. Let g(h) = -9*h. What is the remainder when g(-6) is divided by d?
6
Let j = -9822 - -9840. Suppose 0 = -2*c - 15 + 77. Calculate the remainder when c is divided by j.
13
Let h = -56 + 36. What is the remainder when 8/h - 621/(-15) is divided by 22?
19
Suppose 3*n - 65 = -2*n + p, 0 = 5*n + 2*p - 50. Suppose n*u - 10*u - 18 = 0. Suppose -3*s + 18 = 6. Calculate the remainder when u is divided by s.
1
Let i(s) = -s**2 + 12*s - 15. Let a be 1/2 - 42/(-4). Let n be i(a). Let t = n - -11. Calculate the remainder when 12 is divided by t.
5
Let y(o) = o**2 - 8*o - 24. Suppose -4*f + 41 = -3*f - 5*u, 51 = 3*f + 3*u. What is the remainder when y(14) is divided by f?
18
What is the remainder when (5/(-3) - -2) + 18579/99 is divided by 62?
2
Suppose 5 - 25 = -5*y - 2*r, -y = -4*r + 18. Let o = -4 + 1. Let k = -1 - o. Calculate the remainder when k is divided by y.
0
Suppose u - 59 = -2*b, -3*u - 33 - 70 = -4*b. Calculate the remainder when 279 is divided by b.
27
What is the remainder when 48 is divided by 1/(-5) + 168/15 + 6?
14
Let v(p) = 8*p**2 - 11*p + 72. What is the remainder when v(6) is divided by 76?
66
Let i(o) = -6*o - 1. Let s be i(-8). Let n = -27 + s. Suppose 3*x = -2*m + 5*m - 123, 0 = -4*x - 16. Calculate the remainder when m is divided by n.
17
Let m(f) = 2*f**2 + 6*f - 4. Suppose -15 = -0*u + 3*u - 3*w, 3*w = -2*u - 10. What is the remainder when m(u) is divided by 7?
2
Suppose 4*d - 2*j = 28, -5*d + 36 = -3*j - 1. Let l(z) = -7*z - 21. Let y be l(-5). S